{"id":6758,"date":"2026-04-27T12:19:18","date_gmt":"2026-04-27T10:19:18","guid":{"rendered":"https:\/\/www.sammelpunkt.ch\/?page_id=6758"},"modified":"2026-04-27T12:19:55","modified_gmt":"2026-04-27T10:19:55","slug":"haendler","status":"publish","type":"page","link":"https:\/\/www.sammelpunkt.ch\/index.php\/haendler\/","title":{"rendered":"H\u00e4ndler"},"content":{"rendered":"\t\t<div data-elementor-type=\"wp-page\" data-elementor-id=\"6758\" class=\"elementor elementor-6758\" data-elementor-post-type=\"page\">\n\t\t\t\t<div class=\"elementor-element elementor-element-a3a2184 e-con-full e-flex e-con e-parent\" data-id=\"a3a2184\" data-element_type=\"container\">\n\t\t\t\t<div class=\"elementor-element elementor-element-63f7b9b elementor-widget elementor-widget-heading\" data-id=\"63f7b9b\" data-element_type=\"widget\" data-widget_type=\"heading.default\">\n\t\t\t\t<div class=\"elementor-widget-container\">\n\t\t\t<h3 class=\"elementor-heading-title elementor-size-default\">An alle H\u00e4ndler und solche die es gerne werden wollen!!!<\/h3>\t\t<\/div>\n\t\t\t\t<\/div>\n\t\t\t\t<\/div>\n\t\t<div class=\"elementor-element elementor-element-1e9d1d9 e-flex e-con-boxed e-con e-parent\" data-id=\"1e9d1d9\" data-element_type=\"container\">\n\t\t\t\t\t<div class=\"e-con-inner\">\n\t\t\t\t<div class=\"elementor-element elementor-element-2b5c343 elementor-widget elementor-widget-text-editor\" data-id=\"2b5c343\" data-element_type=\"widget\" data-widget_type=\"text-editor.default\">\n\t\t\t\t<div class=\"elementor-widget-container\">\n\t\t\t\t\t\t\t<p align=\"left\"><span style=\"color: #000000;\"><span style=\"font-family: Arial;\"><span style=\"font-size: small;\">Seit 28 Jahren besteht der Sammelpunkt. \u00dcber all die Jahre ist es uns gelungen, mit viel Liebe und Sachkenntnis zur Trivialliteratur, eine grosse und treue Stammkundschaft aufzubauen. Doch auch die sch\u00f6nsten Dinge im Leben nehmen ein Ende. Infolge Pensionierung wird der Sammelpunkt im Laufe der n\u00e4chsten Jahre oder nach Absprache seine T\u00fcren schliessen. <br \/><\/span><\/span><\/span><span style=\"color: #000000;\"><span style=\"font-family: Arial;\"><span style=\"font-size: small;\">Damit Comicleser, Sammler und B\u00fccherw\u00fcrmer weiterhin ihren Lesestoff erhalten suchen wir einen Nachfolger f\u00fcr das Gesch\u00e4ft. Es erwartet Dich ein volles Lager, eine treue Stammkundschaft sowie einen ausgezeichneten Ruf bei Lesern, Liebhabern und Sammlern. Das Sortiment erstreckt sich \u00fcber alle Bereiche der Trivialliteratur, d.h. von Comics, B\u00fcchern, Romanheften und vieles mehr.<br \/><\/span><\/span><\/span><span style=\"color: #000000;\"><span style=\"font-family: Arial;\"><span style=\"font-size: small;\">Solltest Du Interesse und Lust auf einen bestens etablierten Comicladen haben, dann melde Dich bei uns. Gerne geben wir dir in einem pers\u00f6nlichen Gespr\u00e4ch <\/span><\/span><\/span><span style=\"color: #000000;\"><span style=\"font-family: Arial;\"><span style=\"font-size: small;\">weitere Infos.<\/span><\/span><\/span><\/p><p align=\"left\"><span style=\"color: #000000;\"><span style=\"font-family: Arial;\"><span style=\"font-size: small;\"><span style=\"text-decoration: underline;\"><strong>Wir brauchen Platz in unserem Lager!<\/strong><\/span><br \/><\/span><\/span><\/span><span style=\"color: #000000;\"><span style=\"font-family: Arial;\"><span style=\"font-size: small;\">Wir f\u00fchren mehrere grosse Posten in Deutsch sowie fremdsprachige Comics (Fumetti, Bd&#8217;s und weitere). Diese w\u00fcrden wir zu sehr g\u00fcnstigen Konditionen abgeben. Wer Interesse hat soll sich bitte ebenfalls melden.<\/span><\/span><\/span><span style=\"color: #000000;\"><span style=\"font-family: Arial;\"><span style=\"font-size: small;\">Wir freuen uns auf Eure Anrufe!<br \/><\/span><\/span><\/span><span style=\"color: #000000;\"><span style=\"font-family: Arial;\"><span style=\"font-size: small;\">Mark Severa<\/span><\/span><\/span><\/p>\t\t\t\t\t\t<\/div>\n\t\t\t\t<\/div>\n\t\t\t\t\t<\/div>\n\t\t\t\t<\/div>\n\t\t\t\t<\/div>\n\t\t","protected":false},"excerpt":{"rendered":"<p>An alle H\u00e4ndler und solche die es gerne werden wollen!!! Seit 28 Jahren besteht der Sammelpunkt. \u00dcber all die Jahre ist es uns gelungen, mit viel Liebe und Sachkenntnis zur Trivialliteratur, eine grosse und treue Stammkundschaft aufzubauen. Doch auch die sch\u00f6nsten Dinge im Leben nehmen ein Ende. Infolge Pensionierung wird der Sammelpunkt im Laufe der [&hellip;]<\/p>\n","protected":false},"author":1,"featured_media":0,"parent":0,"menu_order":0,"comment_status":"closed","ping_status":"closed","template":"","meta":{"footnotes":""},"class_list":["post-6758","page","type-page","status-publish","hentry"],"_links":{"self":[{"href":"https:\/\/www.sammelpunkt.ch\/index.php\/wp-json\/wp\/v2\/pages\/6758","targetHints":{"allow":["GET"]}}],"collection":[{"href":"https:\/\/www.sammelpunkt.ch\/index.php\/wp-json\/wp\/v2\/pages"}],"about":[{"href":"https:\/\/www.sammelpunkt.ch\/index.php\/wp-json\/wp\/v2\/types\/page"}],"author":[{"embeddable":true,"href":"https:\/\/www.sammelpunkt.ch\/index.php\/wp-json\/wp\/v2\/users\/1"}],"replies":[{"embeddable":true,"href":"https:\/\/www.sammelpunkt.ch\/index.php\/wp-json\/wp\/v2\/comments?post=6758"}],"version-history":[{"count":3,"href":"https:\/\/www.sammelpunkt.ch\/index.php\/wp-json\/wp\/v2\/pages\/6758\/revisions"}],"predecessor-version":[{"id":6761,"href":"https:\/\/www.sammelpunkt.ch\/index.php\/wp-json\/wp\/v2\/pages\/6758\/revisions\/6761"}],"wp:attachment":[{"href":"https:\/\/www.sammelpunkt.ch\/index.php\/wp-json\/wp\/v2\/media?parent=6758"}],"curies":[{"name":"wp","href":"https:\/\/api.w.org\/{rel}","templated":true}]}}