{"id":6423,"date":"2026-01-13T14:30:31","date_gmt":"2026-01-13T13:30:31","guid":{"rendered":"https:\/\/www.sammelpunkt.ch\/?page_id=6423"},"modified":"2026-01-13T14:33:26","modified_gmt":"2026-01-13T13:33:26","slug":"muster-tablepress-traegerseite-copy","status":"publish","type":"page","link":"https:\/\/www.sammelpunkt.ch\/index.php\/muster-tablepress-traegerseite-copy\/","title":{"rendered":"Muster-Tablepress-Traegerseite &#8211; Copy"},"content":{"rendered":"\n<table id=\"tablepress-4\" class=\"tablepress tablepress-id-4\">\n<tbody class=\"row-striping row-hover\">\n<tr class=\"row-1\">\n\t<td class=\"column-1\">Monatsaktion Januar 2026<\/td><td class=\"column-2\">auf alle Science Fiction, Fantasy und Horror<\/td><td class=\"column-3\">Rabatt: 25%<\/td>\n<\/tr>\n<tr class=\"row-2\">\n\t<td class=\"column-1\"><img fetchpriority=\"high\" decoding=\"async\" src=\"https:\/\/www.sammelpunkt.ch\/wp-content\/uploads\/2025\/12\/Scan_20250626-64-204x300.png\" alt=\"\" width=\"204\" height=\"300\" class=\"alignnone size-medium wp-image-6412\" \/><\/td><td class=\"column-2\"><img decoding=\"async\" src=\"https:\/\/www.sammelpunkt.ch\/wp-content\/uploads\/2025\/12\/Scan_20250626-18-177x300.png\" alt=\"\" width=\"177\" height=\"300\" class=\"alignnone size-medium wp-image-6406\" \/><\/td><td class=\"column-3\"><img decoding=\"async\" src=\"https:\/\/www.sammelpunkt.ch\/wp-content\/uploads\/2025\/12\/Scan_20250626-47-189x300.png\" alt=\"\" width=\"189\" height=\"300\" class=\"alignnone size-medium wp-image-6413\" \/><\/td>\n<\/tr>\n<\/tbody>\n<\/table>\n<!-- #tablepress-4 from cache -->\r\n<p style=\"text-align: center;\">25% auf alle Science Fiction, Fantasy und Horror.<\/p>\r\n<p style=\"text-align: center;\">Wir f\u00fchren Erstauflagen, limitierte B\u00fccher, Taschenb\u00fccher und Romanhefte.<\/p>\r\n&nbsp;\r\n<p style=\"text-align: center;\"><strong>Februaraktion: auf alle Kinderb\u00fccher 25% Rabatt!<\/strong><\/p><!-- \/wp:post-content -->","protected":false},"excerpt":{"rendered":"<p>25% auf alle Science Fiction, Fantasy und Horror. Wir f\u00fchren Erstauflagen, limitierte B\u00fccher, Taschenb\u00fccher und Romanhefte. &nbsp; Februaraktion: auf alle Kinderb\u00fccher 25% Rabatt!<\/p>\n","protected":false},"author":2,"featured_media":0,"parent":0,"menu_order":0,"comment_status":"closed","ping_status":"closed","template":"","meta":{"footnotes":""},"class_list":["post-6423","page","type-page","status-publish","hentry"],"_links":{"self":[{"href":"https:\/\/www.sammelpunkt.ch\/index.php\/wp-json\/wp\/v2\/pages\/6423","targetHints":{"allow":["GET"]}}],"collection":[{"href":"https:\/\/www.sammelpunkt.ch\/index.php\/wp-json\/wp\/v2\/pages"}],"about":[{"href":"https:\/\/www.sammelpunkt.ch\/index.php\/wp-json\/wp\/v2\/types\/page"}],"author":[{"embeddable":true,"href":"https:\/\/www.sammelpunkt.ch\/index.php\/wp-json\/wp\/v2\/users\/2"}],"replies":[{"embeddable":true,"href":"https:\/\/www.sammelpunkt.ch\/index.php\/wp-json\/wp\/v2\/comments?post=6423"}],"version-history":[{"count":14,"href":"https:\/\/www.sammelpunkt.ch\/index.php\/wp-json\/wp\/v2\/pages\/6423\/revisions"}],"predecessor-version":[{"id":6623,"href":"https:\/\/www.sammelpunkt.ch\/index.php\/wp-json\/wp\/v2\/pages\/6423\/revisions\/6623"}],"wp:attachment":[{"href":"https:\/\/www.sammelpunkt.ch\/index.php\/wp-json\/wp\/v2\/media?parent=6423"}],"curies":[{"name":"wp","href":"https:\/\/api.w.org\/{rel}","templated":true}]}}